56020?
2, 5, 2801
List the prime factors of 2319010.
2, 5, 231901
What are the prime factors of 409460?
2, 5, 59, 347
List the prime factors of 87889.
179, 491
What are the prime factors of 1505227?
1505227
List the prime factors of 386161.
386161
What are the prime factors of 838558?
2, 7, 89, 673
What are the prime factors of 198633?
3, 73, 907
What are the prime factors of 289994?
2, 61, 2377
What are the prime factors of 503785?
5, 19, 5303
List the prime factors of 5339905.
5, 31, 47, 733
List the prime factors of 2120687.
47, 45121
What are the prime factors of 1847586?
2, 3, 13, 23687
List the prime factors of 390616.
2, 157, 311
What are the prime factors of 566474?
2, 17, 16661
List the prime factors of 1262126.
2, 127, 4969
List the prime factors of 349635.
3, 5, 11, 13, 163
List the prime factors of 22543.
22543
List the prime factors of 10248243.
3, 557, 6133
List the prime factors of 2500568.
2, 7, 6379
What are the prime factors of 270822?
2, 3, 45137
What are the prime factors of 56620?
2, 5, 19, 149
List the prime factors of 334640.
2, 5, 47, 89
What are the prime factors of 385549?
23, 16763
List the prime factors of 766125.
3, 5, 227
What are the prime factors of 3530352?
2, 3, 7, 19, 79
What are the prime factors of 396614?
2, 31, 6397
List the prime factors of 10467141.
3, 3489047
List the prime factors of 18987686.
2, 31, 306253
List the prime factors of 7173485.
5, 11, 71, 167
List the prime factors of 1808676.
2, 3, 16747
List the prime factors of 4794072.
2, 3, 199753
List the prime factors of 3352009.
17, 269, 733
List the prime factors of 11177033.
7, 43, 71, 523
What are the prime factors of 942365?
5, 188473
What are the prime factors of 841332?
2, 3, 70111
List the prime factors of 82416.
2, 3, 17, 101
What are the prime factors of 1224764?
2, 306191
List the prime factors of 22945593.
3, 11, 63211
List the prime factors of 462929.
61, 7589
What are the prime factors of 252833?
7, 19, 1901
What are the prime factors of 17903697?
3, 7, 852557
List the prime factors of 646615.
5, 79, 1637
List the prime factors of 59137.
13, 4549
List the prime factors of 25266.
2, 3, 4211
List the prime factors of 182789.
182789
What are the prime factors of 24039254?
2, 12019627
What are the prime factors of 4786358?
2, 2393179
What are the prime factors of 3802735?
5, 373, 2039
List the prime factors of 1981052.
2, 191, 2593
What are the prime factors of 34303718?
2, 23, 745733
What are the prime factors of 1130327?
11, 211, 487
List the prime factors of 5189885.
5, 43, 101, 239
What are the prime factors of 393459?
3, 11, 11923
List the prime factors of 32047109.
32047109
What are the prime factors of 6651734?
2, 3325867
List the prime factors of 269497.
29, 9293
What are the prime factors of 4974967?
1823, 2729
List the prime factors of 4290892.
2, 97, 11059
List the prime factors of 5134772.
2, 109, 11777
What are the prime factors of 17117456?
2, 31, 34511
List the prime factors of 213778.
2, 89, 1201
What are the prime factors of 2189536?
2, 53, 1291
List the prime factors of 287083.
37, 7759
What are the prime factors of 1750307?
13, 134639
What are the prime factors of 477042?
2, 3, 43
List the prime factors of 819130.
2, 5, 13, 6301
List the prime factors of 6947052.
2, 3, 7, 191, 433
What are the prime factors of 1118683?
103, 10861
List the prime factors of 341299.
7, 48757
List the prime factors of 204494.
2, 59, 1733
List the prime factors of 334903.
23, 14561
List the prime factors of 141134.
2, 7, 17, 593
List the prime factors of 713775.
3, 5, 31, 307
What are the prime factors of 104114?
2, 52057
What are the prime factors of 476941?
617, 773
List the prime factors of 10638754.
2, 7, 759911
List the prime factors of 14717309.
23, 43, 647
List the prime factors of 11328492.
2, 3, 7, 157, 859
What are the prime factors of 267616?
2, 8363
What are the prime factors of 674691?
3, 224897
What are the prime factors of 5571909?
3, 7, 31, 317
What are the prime factors of 4752759?
3, 11, 13093
What are the prime factors of 7451855?
5, 1490371
List the prime factors of 6349653.
3, 17, 47, 883
What are the prime factors of 3252992?
2, 97, 131
List the prime factors of 7334621.
7, 37, 28319
List the prime factors of 17234367.
3, 761, 7549
What are the prime factors of 9861736?
2, 113, 10909
List the prime factors of 4474788.
2, 3, 23, 31, 523
List the prime factors of 17076583.
2677, 6379
What are the prime factors of 352019?
17, 20707
List the prime factors of 12997.
41, 317
What are the prime factors of 263425?
5, 41, 257
List the prime factors of 307176.
2, 3, 12799
List the prime factors of 2079996.
2, 3, 29, 43, 139
What are the prime factors of 11264322?
2, 3, 761, 2467
List the prime factors of 256889.
256889
What are the prime factors of 491195?
5, 31, 3169
What are the prime factors of 324753?
3, 11, 13, 757
List the prime factors of 1456559.
13, 19, 5897
What are the prime factors of 74376?
2, 3, 1033
List the prime factors of 10608797.
10608797
List the prime factors of 216365.
5, 109, 397
List the prime factors of 1444049.
167, 8647
List the prime factors of 2855252.
2, 17, 199, 211
List the prime factors of 368566.
2, 11, 1523
List the prime factors of 2175527.
839, 2593
List the prime factors of 39137.
7, 5591
List the prime factors of 2242008.
2, 3, 31139
List the prime factors of 3755928.
2, 3, 11, 41, 347
List the prime factors of 3789866.
2, 1894933
List the prime factors of 1498315.
5, 7, 13, 37, 89
List the prime factors of 417820.
2, 5, 13, 1607
List the prime factors of 9331695.
3, 5, 207371
What are the prime factors of 210597?
3, 70199
List the prime factors of 128797.
37, 59
What are the prime factors of 13252361?
83, 159667
List the prime factors of 23604931.
7, 109, 30937
List the prime factors of 406460.
2, 5, 20323
What are the prime factors of 15709289?
67, 234467
List the prime factors of 395650.
2, 5, 41, 193
List the prime factors of 245117.
31, 7907
List the prime factors of 29664461.
3347, 8863
List the prime factors of 4207149.
3, 643, 727
List the prime factors of 347520.
2, 3, 5, 181
What are the prime factors of 233800?
2, 5, 7, 167
What are the prime factors of 617341?
617341
List the prime factors of 185878.
2, 7, 11, 17, 71
What are the prime factors of 1312493?
7, 13, 14423
List the prime factors of 9029749.
2609, 3461
What are the prime factors of 3975691?
937, 4243
List the prime factors of 2715272.
2, 7, 48487
List the prime factors of 870184.
2, 7, 41, 379
List the prime factors of 751749.
3, 250583
List the prime factors of 559198.
2, 17, 16447
What are the prime factors of 4584295?
5, 916859
What are the prime factors of 5615057?
7, 114593
What are the prime factors of 2036217?
3, 678739
List the prime factors of 3054530.
2, 5, 47, 67, 97
List the prime factors of 4645261.
83, 55967
What are the prime factors of 980705?
5, 11, 1621
What are the prime factors of 4657421?
709, 6569
What are the prime factors of 114726?
2, 3, 19121
What are the prime factors of 417319?
7, 59617
List the prime factors of 852666.
2, 3, 142111
What are the prime factors of 100287?
3, 11, 1013
List the prime factors of 230311.
230311
What are the prime factors of 367710?
2, 3, 5, 7, 17, 103
List the prime factors of 971145.
3, 5, 7, 3083
What are the prime factors of 3642298?
2, 11, 165559
What are the prime factors of 633042?
2, 3, 19, 617
What are the prime factors of 4093059?
3, 109, 12517
List the prime factors of 174889.
11, 13, 1223
What are the prime factors of 18485260?
2, 5, 41, 22543
What are the prime factors of 7946873?
11, 43, 53, 317
What are the prime factors of 12109410?
2, 3, 5, 157, 857
List the prime factors of 42831.
3, 4759
List the prime factors of 37763.
11, 3433
What are the prime factors of 136816?
2, 17, 503
What are the prime factors of 1151209?
1151209
List the prime factors of 1723838.
2, 227, 3797
List the prime factors of 564772.
2, 13, 10861
List the prime factors of 50019.
3, 16673
List the prime factors of 52699.
151, 349
What are the prime factors of 1702704?
2, 3, 19, 1867
What are the prime factors of 9913022?
2, 7, 19, 83, 449
List the prime factors of 2712952.
2, 11, 30829
List the prime factors of 763556.
2, 190889
What are the prime factors of 412046?
2, 1